[INFO] cloning repository https://github.com/giorgiopagnoni/rust-actix-auth
[INFO] running `Command { std: "git" "-c" "credential.helper=" "-c" "credential.helper=/workspace/cargo-home/bin/git-credential-null" "clone" "--bare" "https://github.com/giorgiopagnoni/rust-actix-auth" "/workspace/cache/git-repos/https%3A%2F%2Fgithub.com%2Fgiorgiopagnoni%2Frust-actix-auth", kill_on_drop: false }`
[INFO] [stderr] Cloning into bare repository '/workspace/cache/git-repos/https%3A%2F%2Fgithub.com%2Fgiorgiopagnoni%2Frust-actix-auth'...
[INFO] running `Command { std: "git" "rev-parse" "HEAD", kill_on_drop: false }`
[INFO] [stdout] 59b7eed5625e0484a3e4ee88daa3862884e1f00f
[INFO] building giorgiopagnoni/rust-actix-auth against master#881c1ac408d93bb7adaa3a51dabab9266e82eee8 for issue-85264
[INFO] running `Command { std: "git" "clone" "/workspace/cache/git-repos/https%3A%2F%2Fgithub.com%2Fgiorgiopagnoni%2Frust-actix-auth" "/workspace/builds/worker-11/source", kill_on_drop: false }`
[INFO] [stderr] Cloning into '/workspace/builds/worker-11/source'...
[INFO] [stderr] done.
[INFO] validating manifest of git repo https://github.com/giorgiopagnoni/rust-actix-auth on toolchain 881c1ac408d93bb7adaa3a51dabab9266e82eee8
[INFO] running `Command { std: "/workspace/cargo-home/bin/cargo" "+881c1ac408d93bb7adaa3a51dabab9266e82eee8" "metadata" "--manifest-path" "Cargo.toml" "--no-deps", kill_on_drop: false }`
[INFO] started tweaking git repo https://github.com/giorgiopagnoni/rust-actix-auth
[INFO] finished tweaking git repo https://github.com/giorgiopagnoni/rust-actix-auth
[INFO] tweaked toml for git repo https://github.com/giorgiopagnoni/rust-actix-auth written to /workspace/builds/worker-11/source/Cargo.toml
[INFO] crate git repo https://github.com/giorgiopagnoni/rust-actix-auth already has a lockfile, it will not be regenerated
[INFO] running `Command { std: "/workspace/cargo-home/bin/cargo" "+881c1ac408d93bb7adaa3a51dabab9266e82eee8" "fetch" "--manifest-path" "Cargo.toml", kill_on_drop: false }`
[INFO] [stderr]  Downloading crates ...
[INFO] [stderr]   Downloaded percent-encoding v1.0.1
[INFO] [stderr]   Downloaded if_chain v1.0.0
[INFO] [stderr]   Downloaded aho-corasick v0.7.4
[INFO] [stderr]   Downloaded either v1.5.2
[INFO] [stderr]   Downloaded http v0.1.17
[INFO] [stderr]   Downloaded actix-threadpool v0.1.1
[INFO] [stderr]   Downloaded mime v0.3.13
[INFO] [stderr]   Downloaded actix-router v0.1.5
[INFO] [stderr]   Downloaded copyless v0.1.4
[INFO] [stderr]   Downloaded typenum v1.10.0
[INFO] [stderr]   Downloaded fnv v1.0.6
[INFO] [stderr]   Downloaded derive_more v0.14.1
[INFO] [stderr]   Downloaded actix-utils v0.4.5
[INFO] [stderr]   Downloaded version_check v0.1.5
[INFO] [stderr]   Downloaded arc-swap v0.3.11
[INFO] [stderr]   Downloaded actix-codec v0.1.2
[INFO] [stderr]   Downloaded scheduled-thread-pool v0.2.2
[INFO] [stderr]   Downloaded crc32fast v1.2.0
[INFO] [stderr]   Downloaded h2 v0.1.25
[INFO] [stderr]   Downloaded remove_dir_all v0.5.2
[INFO] [stderr]   Downloaded native-tls v0.2.3
[INFO] [stderr]   Downloaded ryu v1.0.0
[INFO] [stderr]   Downloaded blowfish v0.4.0
[INFO] [stderr]   Downloaded miniz_oxide v0.2.2
[INFO] [stderr]   Downloaded block-cipher-trait v0.6.2
[INFO] [stderr]   Downloaded tempfile v3.1.0
[INFO] [stderr]   Downloaded memchr v2.2.1
[INFO] [stderr]   Downloaded miniz-sys v0.1.12
[INFO] [stderr]   Downloaded hostname v0.1.5
[INFO] [stderr]   Downloaded actix-http v0.2.7
[INFO] [stderr]   Downloaded scopeguard v0.3.3
[INFO] [stderr]   Downloaded owning_ref v0.4.0
[INFO] [stderr]   Downloaded parking_lot_core v0.4.0
[INFO] [stderr]   Downloaded tokio-codec v0.1.1
[INFO] [stderr]   Downloaded hashbrown v0.5.0
[INFO] [stderr]   Downloaded num-bigint v0.2.2
[INFO] [stderr]   Downloaded tokio-tcp v0.1.3
[INFO] [stderr]   Downloaded socket2 v0.3.9
[INFO] [stderr]   Downloaded ascii_utils v0.9.3
[INFO] [stderr]   Downloaded lock_api v0.1.5
[INFO] [stderr]   Downloaded dtoa v0.4.4
[INFO] [stderr]   Downloaded getrandom v0.1.6
[INFO] [stderr]   Downloaded enum-as-inner v0.2.1
[INFO] [stderr]   Downloaded signal-hook v0.1.10
[INFO] [stderr]   Downloaded net2 v0.2.33
[INFO] [stderr]   Downloaded regex v1.2.0
[INFO] [stderr]   Downloaded encoding-index-simpchinese v1.20141219.5
[INFO] [stderr]   Downloaded rand v0.6.5
[INFO] [stderr]   Downloaded dotenv v0.14.1
[INFO] [stderr]   Downloaded actix-rt v0.2.4
[INFO] [stderr]   Downloaded actix-web-codegen v0.1.2
[INFO] [stderr]   Downloaded mysql_common v0.17.1
[INFO] [stderr]   Downloaded winreg v0.6.1
[INFO] [stderr]   Downloaded threadpool v1.7.1
[INFO] [stderr]   Downloaded derive_more v0.15.0
[INFO] [stderr]   Downloaded awc v0.2.2
[INFO] [stderr]   Downloaded failure v0.1.5
[INFO] [stderr]   Downloaded failure_derive v0.1.5
[INFO] [stderr]   Downloaded bytes v0.4.12
[INFO] [stderr]   Downloaded actix-identity v0.1.0
[INFO] [stderr]   Downloaded widestring v0.4.0
[INFO] [stderr]   Downloaded tokio-timer v0.2.11
[INFO] [stderr]   Downloaded ring v0.14.6
[INFO] [stderr]   Downloaded rand_core v0.5.0
[INFO] [stderr]   Downloaded serde v1.0.97
[INFO] [stderr]   Downloaded tokio-executor v0.1.8
[INFO] [stderr]   Downloaded ryu v0.2.8
[INFO] [stderr]   Downloaded adler32 v1.0.3
[INFO] [stderr]   Downloaded backtrace-sys v0.1.31
[INFO] [stderr]   Downloaded trust-dns-resolver v0.11.1
[INFO] [stderr]   Downloaded rand v0.7.0
[INFO] [stderr]   Downloaded rand_chacha v0.2.0
[INFO] [stderr]   Downloaded fast_chemail v0.9.6
[INFO] [stderr]   Downloaded winutil v0.1.1
[INFO] [stderr]   Downloaded base64 v0.9.3
[INFO] [stderr]   Downloaded nom v4.2.3
[INFO] [stderr]   Downloaded proc-macro2 v0.4.30
[INFO] [stderr]   Downloaded tokio-io v0.1.12
[INFO] [stderr]   Downloaded parking_lot v0.7.1
[INFO] [stderr]   Downloaded tokio-reactor v0.1.9
[INFO] [stderr]   Downloaded actix-service v0.4.1
[INFO] [stderr]   Downloaded log v0.4.7
[INFO] [stderr]   Downloaded tokio-udp v0.1.3
[INFO] [stderr]   Downloaded url v1.7.2
[INFO] [stderr]   Downloaded serde_urlencoded v0.5.5
[INFO] [stderr]   Downloaded stackvector v1.0.6
[INFO] [stderr]   Downloaded synstructure v0.10.2
[INFO] [stderr]   Downloaded safemem v0.3.0
[INFO] [stderr]   Downloaded openssl-sys v0.9.48
[INFO] [stderr]   Downloaded itoa v0.4.4
[INFO] [stderr]   Downloaded unicode-xid v0.1.0
[INFO] [stderr]   Downloaded lazy_static v1.3.0
[INFO] [stderr]   Downloaded chrono v0.4.7
[INFO] [stderr]   Downloaded utf8-ranges v1.0.3
[INFO] [stderr]   Downloaded quote v0.6.13
[INFO] [stderr]   Downloaded thread_local v0.3.6
[INFO] [stderr]   Downloaded spin v0.5.0
[INFO] [stderr]   Downloaded nix v0.13.1
[INFO] [stderr]   Downloaded cc v1.0.37
[INFO] [stderr]   Downloaded schannel v0.1.15
[INFO] [stderr]   Downloaded block-padding v0.1.4
[INFO] [stderr]   Downloaded rustc-serialize v0.3.24
[INFO] [stderr]   Downloaded rand_jitter v0.1.4
[INFO] [stderr]   Downloaded untrusted v0.6.2
[INFO] [stderr]   Downloaded flate2 v1.0.9
[INFO] [stderr]   Downloaded linked-hash-map v0.5.2
[INFO] [stderr]   Downloaded bufstream v0.1.4
[INFO] [stderr]   Downloaded rand v0.4.6
[INFO] [stderr]   Downloaded libc v0.2.60
[INFO] [stderr]   Downloaded bit-vec v0.5.1
[INFO] [stderr]   Downloaded sha2 v0.8.0
[INFO] [stderr]   Downloaded named_pipe v0.4.1
[INFO] [stderr]   Downloaded trust-dns-proto v0.7.4
[INFO] [stderr]   Downloaded lettre_email v0.9.2
[INFO] [stderr]   Downloaded parking_lot_core v0.5.0
[INFO] [stderr]   Downloaded pkg-config v0.3.15
[INFO] [stderr]   Downloaded winapi v0.3.7
[INFO] [stderr]   Downloaded iovec v0.1.2
[INFO] [stderr]   Downloaded rustc-demangle v0.1.15
[INFO] [stderr]   Downloaded security-framework v0.3.1
[INFO] [stderr]   Downloaded c2-chacha v0.2.2
[INFO] [stderr]   Downloaded lock_api v0.2.0
[INFO] [stderr]   Downloaded r2d2 v0.8.5
[INFO] [stderr]   Downloaded scopeguard v1.0.0
[INFO] [stderr]   Downloaded cfg-if v0.1.9
[INFO] [stderr]   Downloaded mysql v16.0.2
[INFO] [stderr]   Downloaded serde_derive v1.0.97
[INFO] [stderr]   Downloaded actix-web v1.0.5
[INFO] [stderr]   Downloaded security-framework-sys v0.3.1
[INFO] [stderr]   Downloaded validator_derive v0.9.0
[INFO] [stderr]   Downloaded twox-hash v1.4.2
[INFO] [stderr]   Downloaded serde_json v1.0.40
[INFO] [stderr]   Downloaded bitflags v1.1.0
[INFO] [stderr]   Downloaded parking_lot_core v0.6.1
[INFO] [stderr]   Downloaded r2d2_mysql v16.0.0
[INFO] [stderr]   Downloaded lock_api v0.3.1
[INFO] [stderr]   Downloaded bcrypt v0.4.0
[INFO] [stderr]   Downloaded lexical v2.2.1
[INFO] [stderr]   Downloaded lettre v0.9.2
[INFO] [stderr]   Downloaded opaque-debug v0.2.2
[INFO] [stderr]   Downloaded validator v0.9.0
[INFO] [stderr]   Downloaded syn v0.15.40
[INFO] [stderr]   Downloaded parking_lot v0.9.0
[INFO] [stderr]   Downloaded parking_lot v0.8.0
[INFO] [stderr]   Downloaded openssl v0.10.24
[INFO] [stderr]   Downloaded uuid v0.7.4
[INFO] [stderr]   Downloaded mio v0.6.19
[INFO] [stderr]   Downloaded miow v0.2.1
[INFO] [stderr]   Downloaded stable_deref_trait v1.1.1
[INFO] [stderr]   Downloaded string v0.2.1
[INFO] [stderr]   Downloaded actix-server-config v0.1.2
[INFO] [stderr]   Downloaded mio-uds v0.6.7
[INFO] [stderr]   Downloaded tokio-signal v0.2.7
[INFO] [stderr]   Downloaded tokio-current-thread v0.1.6
[INFO] [stderr]   Downloaded actix-server v0.6.0
[INFO] [stderr]   Downloaded actix-connect v0.2.1
[INFO] [stderr]   Downloaded futures v0.1.28
[INFO] [stderr]   Downloaded tokio-sync v0.1.6
[INFO] [stderr]   Downloaded ucd-util v0.1.5
[INFO] [stderr]   Downloaded email v0.0.20
[INFO] [stderr]   Downloaded backtrace v0.3.33
[INFO] [stderr]   Downloaded ipconfig v0.2.1
[INFO] [stderr]   Downloaded ppv-lite86 v0.2.5
[INFO] [stderr]   Downloaded lexical-core v0.4.2
[INFO] [stderr]   Downloaded signal-hook-registry v1.0.1
[INFO] [stderr]   Downloaded regex-syntax v0.6.10
[INFO] [stderr]   Downloaded unicase v2.4.0
[INFO] [stderr]   Downloaded rand_chacha v0.1.1
[INFO] [stderr]   Downloaded rand_hc v0.1.0
[INFO] [stderr]   Downloaded autocfg v0.1.5
[INFO] [stderr]   Downloaded crossbeam-utils v0.6.5
[INFO] [stderr]   Downloaded encoding_rs v0.8.17
[INFO] [stderr]   Downloaded miniz_oxide_c_api v0.2.2
[INFO] [stderr]   Downloaded rand_core v0.4.0
[INFO] [stderr]   Downloaded static_assertions v0.2.5
[INFO] [stderr]   Downloaded rand_isaac v0.1.1
[INFO] [stderr]   Downloaded indexmap v1.0.2
[INFO] [stderr]   Downloaded rand_pcg v0.1.2
[INFO] [stderr]   Downloaded rand_xorshift v0.1.1
[INFO] [stderr]   Downloaded encoding-index-korean v1.20141219.5
[INFO] [stderr]   Downloaded quick-error v1.2.2
[INFO] [stderr]   Downloaded resolv-conf v0.6.2
[INFO] [stderr]   Downloaded encoding-index-japanese v1.20141219.5
[INFO] [stderr]   Downloaded encoding_index_tests v0.1.4
[INFO] [stderr]   Downloaded encoding-index-tradchinese v1.20141219.5
[INFO] [stderr]   Downloaded idna v0.1.5
[INFO] [stderr]   Downloaded encoding-index-singlebyte v1.20141219.5
[INFO] [stderr]   Downloaded encoding v0.2.33
[INFO] running `Command { std: "docker" "create" "-v" "/var/lib/crater-agent-workspace/builds/worker-11/target:/opt/rustwide/target:rw,Z" "-v" "/var/lib/crater-agent-workspace/builds/worker-11/source:/opt/rustwide/workdir:ro,Z" "-v" "/var/lib/crater-agent-workspace/cargo-home:/opt/rustwide/cargo-home:ro,Z" "-v" "/var/lib/crater-agent-workspace/rustup-home:/opt/rustwide/rustup-home:ro,Z" "-e" "SOURCE_DIR=/opt/rustwide/workdir" "-e" "CARGO_TARGET_DIR=/opt/rustwide/target" "-e" "CARGO_HOME=/opt/rustwide/cargo-home" "-e" "RUSTUP_HOME=/opt/rustwide/rustup-home" "-w" "/opt/rustwide/workdir" "-m" "1610612736" "--user" "0:0" "--network" "none" "ghcr.io/rust-lang/crates-build-env/linux@sha256:20528e8c29e4536546f0102ce88568b16ea7538393a33fcca951030f7af10457" "/opt/rustwide/cargo-home/bin/cargo" "+881c1ac408d93bb7adaa3a51dabab9266e82eee8" "metadata" "--no-deps" "--format-version=1", kill_on_drop: false }`
[INFO] [stdout] 12db0594518cf440b93ab4938531d440b269e3db3f88b689427b1172006d9395
[INFO] [stderr] WARNING: Your kernel does not support swap limit capabilities or the cgroup is not mounted. Memory limited without swap.
[INFO] running `Command { std: "docker" "start" "-a" "12db0594518cf440b93ab4938531d440b269e3db3f88b689427b1172006d9395", kill_on_drop: false }`
[INFO] running `Command { std: "docker" "inspect" "12db0594518cf440b93ab4938531d440b269e3db3f88b689427b1172006d9395", kill_on_drop: false }`
[INFO] running `Command { std: "docker" "rm" "-f" "12db0594518cf440b93ab4938531d440b269e3db3f88b689427b1172006d9395", kill_on_drop: false }`
[INFO] [stdout] 12db0594518cf440b93ab4938531d440b269e3db3f88b689427b1172006d9395
[INFO] running `Command { std: "docker" "create" "-v" "/var/lib/crater-agent-workspace/builds/worker-11/target:/opt/rustwide/target:rw,Z" "-v" "/var/lib/crater-agent-workspace/builds/worker-11/source:/opt/rustwide/workdir:ro,Z" "-v" "/var/lib/crater-agent-workspace/cargo-home:/opt/rustwide/cargo-home:ro,Z" "-v" "/var/lib/crater-agent-workspace/rustup-home:/opt/rustwide/rustup-home:ro,Z" "-e" "SOURCE_DIR=/opt/rustwide/workdir" "-e" "CARGO_TARGET_DIR=/opt/rustwide/target" "-e" "CARGO_INCREMENTAL=0" "-e" "RUST_BACKTRACE=full" "-e" "RUSTFLAGS=--cap-lints=forbid" "-e" "CARGO_HOME=/opt/rustwide/cargo-home" "-e" "RUSTUP_HOME=/opt/rustwide/rustup-home" "-w" "/opt/rustwide/workdir" "-m" "1610612736" "--user" "0:0" "--network" "none" "ghcr.io/rust-lang/crates-build-env/linux@sha256:20528e8c29e4536546f0102ce88568b16ea7538393a33fcca951030f7af10457" "/opt/rustwide/cargo-home/bin/cargo" "+881c1ac408d93bb7adaa3a51dabab9266e82eee8" "build" "--frozen" "--message-format=json", kill_on_drop: false }`
[INFO] [stdout] f0f08f2ed6ece105ab8c08179cdf2ddefc210a8510c514d08eb85d7d90e77995
[INFO] [stderr] WARNING: Your kernel does not support swap limit capabilities or the cgroup is not mounted. Memory limited without swap.
[INFO] running `Command { std: "docker" "start" "-a" "f0f08f2ed6ece105ab8c08179cdf2ddefc210a8510c514d08eb85d7d90e77995", kill_on_drop: false }`
[INFO] [stderr]     Blocking waiting for file lock on package cache
[INFO] [stderr]     Blocking waiting for file lock on package cache
[INFO] [stderr]    Compiling libc v0.2.60
[INFO] [stderr]    Compiling autocfg v0.1.5
[INFO] [stderr]    Compiling syn v0.15.40
[INFO] [stderr]    Compiling smallvec v0.6.10
[INFO] [stderr]    Compiling log v0.4.7
[INFO] [stderr]    Compiling futures v0.1.28
[INFO] [stderr]    Compiling fnv v1.0.6
[INFO] [stderr]    Compiling memchr v2.2.1
[INFO] [stderr]    Compiling stable_deref_trait v1.1.1
[INFO] [stderr]    Compiling scopeguard v0.3.3
[INFO] [stderr]    Compiling serde v1.0.97
[INFO] [stderr]    Compiling ucd-util v0.1.5
[INFO] [stderr]    Compiling ryu v1.0.0
[INFO] [stderr]    Compiling utf8-ranges v1.0.3
[INFO] [stderr]    Compiling typenum v1.10.0
[INFO] [stderr]    Compiling pkg-config v0.3.15
[INFO] [stderr]    Compiling void v1.0.2
[INFO] [stderr]    Compiling quick-error v1.2.2
[INFO] [stderr]    Compiling ppv-lite86 v0.2.5
[INFO] [stderr]    Compiling sha1 v0.6.0
[INFO] [stderr]    Compiling linked-hash-map v0.5.2
[INFO] [stderr]    Compiling opaque-debug v0.2.2
[INFO] [stderr]    Compiling encoding_rs v0.8.17
[INFO] [stderr]    Compiling either v1.5.2
[INFO] [stderr]    Compiling copyless v0.1.4
[INFO] [stderr]    Compiling arc-swap v0.3.11
[INFO] [stderr]    Compiling httparse v1.3.4
[INFO] [stderr]    Compiling openssl v0.10.24
[INFO] [stderr]    Compiling dtoa v0.4.4
[INFO] [stderr]    Compiling num-bigint v0.2.2
[INFO] [stderr]    Compiling foreign-types-shared v0.1.1
[INFO] [stderr]    Compiling static_assertions v0.2.5
[INFO] [stderr]    Compiling native-tls v0.2.3
[INFO] [stderr]    Compiling hashbrown v0.5.0
[INFO] [stderr]    Compiling nix v0.13.1
[INFO] [stderr]    Compiling mysql v16.0.2
[INFO] [stderr]    Compiling ascii_utils v0.9.3
[INFO] [stderr]    Compiling openssl-probe v0.1.2
[INFO] [stderr]    Compiling bit-vec v0.5.1
[INFO] [stderr]    Compiling rustc-serialize v0.3.24
[INFO] [stderr]    Compiling if_chain v1.0.0
[INFO] [stderr]    Compiling backtrace-sys v0.1.31
[INFO] [stderr]    Compiling miniz-sys v0.1.12
[INFO] [stderr]    Compiling unicase v2.4.0
[INFO] [stderr]    Compiling brotli-sys v0.3.2
[INFO] [stderr]    Compiling lock_api v0.3.1
[INFO] [stderr]    Compiling ring v0.14.6
[INFO] [stderr]    Compiling nom v4.2.3
[INFO] [stderr]    Compiling email v0.0.20
[INFO] [stderr]    Compiling block-padding v0.1.4
[INFO] [stderr]    Compiling foreign-types v0.3.2
[INFO] [stderr]    Compiling owning_ref v0.4.0
[INFO] [stderr]    Compiling regex-syntax v0.6.10
[INFO] [stderr]    Compiling unreachable v1.0.0
[INFO] [stderr]    Compiling crossbeam-utils v0.6.5
[INFO] [stderr]    Compiling thread_local v0.3.6
[INFO] [stderr]    Compiling fast_chemail v0.9.6
[INFO] [stderr]    Compiling lru-cache v0.1.2
[INFO] [stderr]    Compiling unicode-normalization v0.1.8
[INFO] [stderr]    Compiling parking_lot_core v0.4.0
[INFO] [stderr]    Compiling parking_lot_core v0.6.1
[INFO] [stderr]    Compiling parking_lot v0.9.0
[INFO] [stderr]    Compiling stackvector v1.0.6
[INFO] [stderr]    Compiling lexical-core v0.4.2
[INFO] [stderr]    Compiling lexical v2.2.1
[INFO] [stderr]    Compiling base64 v0.9.3
[INFO] [stderr]    Compiling c2-chacha v0.2.2
[INFO] [stderr]    Compiling lock_api v0.1.5
[INFO] [stderr]    Compiling rand_pcg v0.1.2
[INFO] [stderr]    Compiling rand_chacha v0.1.1
[INFO] [stderr]    Compiling rand v0.6.5
[INFO] [stderr]    Compiling num-traits v0.2.8
[INFO] [stderr]    Compiling num-integer v0.1.41
[INFO] [stderr]    Compiling rand_chacha v0.2.0
[INFO] [stderr]    Compiling mime v0.3.13
[INFO] [stderr]    Compiling openssl-sys v0.9.48
[INFO] [stderr]    Compiling aho-corasick v0.7.4
[INFO] [stderr]    Compiling rand_os v0.1.3
[INFO] [stderr]    Compiling iovec v0.1.2
[INFO] [stderr]    Compiling net2 v0.2.33
[INFO] [stderr]    Compiling num_cpus v1.10.1
[INFO] [stderr]    Compiling time v0.1.42
[INFO] [stderr]    Compiling hostname v0.1.5
[INFO] [stderr]    Compiling socket2 v0.3.9
[INFO] [stderr]    Compiling getrandom v0.1.6
[INFO] [stderr]    Compiling signal-hook-registry v1.0.1
[INFO] [stderr]    Compiling rand v0.4.6
[INFO] [stderr]    Compiling threadpool v1.7.1
[INFO] [stderr]    Compiling flate2 v1.0.9
[INFO] [stderr]    Compiling backtrace v0.3.33
[INFO] [stderr]    Compiling bytes v0.4.12
[INFO] [stderr]    Compiling resolv-conf v0.6.2
[INFO] [stderr]    Compiling rand_core v0.5.0
[INFO] [stderr]    Compiling signal-hook v0.1.10
[INFO] [stderr]    Compiling idna v0.1.5
[INFO] [stderr]    Compiling mio v0.6.19
[INFO] [stderr]    Compiling tokio-executor v0.1.8
[INFO] [stderr] error: could not compile `syn`
[INFO] [stderr] 
[INFO] [stderr] Caused by:
[INFO] [stderr]   process didn't exit successfully: `rustc --crate-name syn /opt/rustwide/cargo-home/registry/src/github.com-1ecc6299db9ec823/syn-0.15.40/src/lib.rs --error-format=json --json=diagnostic-rendered-ansi,artifacts --crate-type lib --emit=dep-info,metadata,link -C embed-bitcode=no -C debuginfo=2 --cfg 'feature="clone-impls"' --cfg 'feature="default"' --cfg 'feature="derive"' --cfg 'feature="extra-traits"' --cfg 'feature="full"' --cfg 'feature="parsing"' --cfg 'feature="printing"' --cfg 'feature="proc-macro"' --cfg 'feature="quote"' --cfg 'feature="visit"' -C metadata=c1effdd5b9c801f9 -C extra-filename=-c1effdd5b9c801f9 --out-dir /opt/rustwide/target/debug/deps -L dependency=/opt/rustwide/target/debug/deps --extern proc_macro2=/opt/rustwide/target/debug/deps/libproc_macro2-50111b8f7188482d.rmeta --extern quote=/opt/rustwide/target/debug/deps/libquote-4972d66cc4bf7970.rmeta --extern unicode_xid=/opt/rustwide/target/debug/deps/libunicode_xid-a81338cd23b23cba.rmeta --cap-lints allow --cap-lints=forbid --cfg syn_can_match_trailing_dollar --cfg syn_can_use_thread_id --cfg syn_can_use_associated_constants --cfg syn_can_call_macro_by_path` (signal: 9, SIGKILL: kill)
[INFO] [stderr] warning: build failed, waiting for other jobs to finish...
[INFO] [stdout] error[E0308]: mismatched types
[INFO] [stdout]    --> /opt/rustwide/cargo-home/registry/src/github.com-1ecc6299db9ec823/lexical-core-0.4.2/src/atof/algorithm/bigcomp.rs:242:55
[INFO] [stdout]     |
[INFO] [stdout] 242 |     let nlz = den.leading_zeros().wrapping_sub(wlz) & (u32::BITS - 1);
[INFO] [stdout]     |                                                       ^^^^^^^^^^^^^^^ expected `usize`, found `u32`
[INFO] [stdout] 
[INFO] [stdout] 
[INFO] [stdout] error[E0277]: no implementation for `usize & u32`
[INFO] [stdout]    --> /opt/rustwide/cargo-home/registry/src/github.com-1ecc6299db9ec823/lexical-core-0.4.2/src/atof/algorithm/bigcomp.rs:242:53
[INFO] [stdout]     |
[INFO] [stdout] 242 |     let nlz = den.leading_zeros().wrapping_sub(wlz) & (u32::BITS - 1);
[INFO] [stdout]     |                                                     ^ no implementation for `usize & u32`
[INFO] [stdout]     |
[INFO] [stdout]     = help: the trait `BitAnd<u32>` is not implemented for `usize`
[INFO] [stdout] 
[INFO] [stdout] 
[INFO] [stdout] error[E0308]: mismatched types
[INFO] [stdout]    --> /opt/rustwide/cargo-home/registry/src/github.com-1ecc6299db9ec823/lexical-core-0.4.2/src/atof/algorithm/bigcomp.rs:260:40
[INFO] [stdout]     |
[INFO] [stdout] 260 |         let (q, r) = shift.ceil_divmod(Limb::BITS);
[INFO] [stdout]     |                                        ^^^^^^^^^^ expected `usize`, found `u32`
[INFO] [stdout]     |
[INFO] [stdout] help: you can convert a `u32` to a `usize` and panic if the converted value doesn't fit
[INFO] [stdout]     |
[INFO] [stdout] 260 |         let (q, r) = shift.ceil_divmod(Limb::BITS.try_into().unwrap());
[INFO] [stdout]     |                                        ^^^^^^^^^^^^^^^^^^^^^^^^^^^^^^
[INFO] [stdout] 
[INFO] [stdout] 
[INFO] [stdout] error[E0308]: mismatched types
[INFO] [stdout]   --> /opt/rustwide/cargo-home/registry/src/github.com-1ecc6299db9ec823/lexical-core-0.4.2/src/atof/algorithm/bigint.rs:84:24
[INFO] [stdout]    |
[INFO] [stdout] 84 |     let bytes = bits / Limb::BITS;
[INFO] [stdout]    |                        ^^^^^^^^^^ expected `usize`, found `u32`
[INFO] [stdout] 
[INFO] [stdout] 
[INFO] [stdout] error[E0277]: cannot divide `usize` by `u32`
[INFO] [stdout]   --> /opt/rustwide/cargo-home/registry/src/github.com-1ecc6299db9ec823/lexical-core-0.4.2/src/atof/algorithm/bigint.rs:84:22
[INFO] [stdout]    |
[INFO] [stdout] 84 |     let bytes = bits / Limb::BITS;
[INFO] [stdout]    |                      ^ no implementation for `usize / u32`
[INFO] [stdout]    |
[INFO] [stdout]    = help: the trait `Div<u32>` is not implemented for `usize`
[INFO] [stdout] 
[INFO] [stdout] 
[INFO] [stdout] error[E0308]: mismatched types
[INFO] [stdout]     --> /opt/rustwide/cargo-home/registry/src/github.com-1ecc6299db9ec823/lexical-core-0.4.2/src/atof/algorithm/math.rs:1045:42
[INFO] [stdout]      |
[INFO] [stdout] 1045 |     let mut count = index.saturating_mul(Limb::BITS);
[INFO] [stdout]      |                                          ^^^^^^^^^^ expected `usize`, found `u32`
[INFO] [stdout]      |
[INFO] [stdout] help: you can convert a `u32` to a `usize` and panic if the converted value doesn't fit
[INFO] [stdout]      |
[INFO] [stdout] 1045 |     let mut count = index.saturating_mul(Limb::BITS.try_into().unwrap());
[INFO] [stdout]      |                                          ^^^^^^^^^^^^^^^^^^^^^^^^^^^^^^
[INFO] [stdout] 
[INFO] [stdout] 
[INFO] [stdout] error[E0308]: mismatched types
[INFO] [stdout]     --> /opt/rustwide/cargo-home/registry/src/github.com-1ecc6299db9ec823/lexical-core-0.4.2/src/atof/algorithm/math.rs:1060:28
[INFO] [stdout]      |
[INFO] [stdout] 1060 |     Limb::BITS.checked_mul(x.len())
[INFO] [stdout]      |                            ^^^^^^^ expected `u32`, found `usize`
[INFO] [stdout]      |
[INFO] [stdout] help: you can convert a `usize` to a `u32` and panic if the converted value doesn't fit
[INFO] [stdout]      |
[INFO] [stdout] 1060 |     Limb::BITS.checked_mul(x.len().try_into().unwrap())
[INFO] [stdout]      |                            ^^^^^^^^^^^^^^^^^^^^^^^^^^^
[INFO] [stdout] 
[INFO] [stdout] 
[INFO] [stdout] error[E0308]: mismatched types
[INFO] [stdout]     --> /opt/rustwide/cargo-home/registry/src/github.com-1ecc6299db9ec823/lexical-core-0.4.2/src/atof/algorithm/math.rs:1061:22
[INFO] [stdout]      |
[INFO] [stdout] 1061 |         .map(|v| v - nlz)
[INFO] [stdout]      |                      ^^^ expected `u32`, found `usize`
[INFO] [stdout] 
[INFO] [stdout] 
[INFO] [stdout] error[E0277]: cannot subtract `usize` from `u32`
[INFO] [stdout]     --> /opt/rustwide/cargo-home/registry/src/github.com-1ecc6299db9ec823/lexical-core-0.4.2/src/atof/algorithm/math.rs:1061:20
[INFO] [stdout]      |
[INFO] [stdout] 1061 |         .map(|v| v - nlz)
[INFO] [stdout]      |                    ^ no implementation for `u32 - usize`
[INFO] [stdout]      |
[INFO] [stdout]      = help: the trait `Sub<usize>` is not implemented for `u32`
[INFO] [stdout] 
[INFO] [stdout] 
[INFO] [stdout] error[E0308]: mismatched types
[INFO] [stdout]     --> /opt/rustwide/cargo-home/registry/src/github.com-1ecc6299db9ec823/lexical-core-0.4.2/src/atof/algorithm/math.rs:1062:20
[INFO] [stdout]      |
[INFO] [stdout] 1062 |         .unwrap_or(usize::max_value())
[INFO] [stdout]      |                    ^^^^^^^^^^^^^^^^^^ expected `u32`, found `usize`
[INFO] [stdout]      |
[INFO] [stdout] help: you can convert a `usize` to a `u32` and panic if the converted value doesn't fit
[INFO] [stdout]      |
[INFO] [stdout] 1062 |         .unwrap_or(usize::max_value().try_into().unwrap())
[INFO] [stdout]      |                    ^^^^^^^^^^^^^^^^^^^^^^^^^^^^^^^^^^^^^^
[INFO] [stdout] 
[INFO] [stdout] 
[INFO] [stdout] error[E0308]: mismatched types
[INFO] [stdout]     --> /opt/rustwide/cargo-home/registry/src/github.com-1ecc6299db9ec823/lexical-core-0.4.2/src/atof/algorithm/math.rs:1060:5
[INFO] [stdout]      |
[INFO] [stdout] 1056 |   pub fn bit_length(x: &[Limb]) -> usize {
[INFO] [stdout]      |                                    ----- expected `usize` because of return type
[INFO] [stdout] ...
[INFO] [stdout] 1060 | /     Limb::BITS.checked_mul(x.len())
[INFO] [stdout] 1061 | |         .map(|v| v - nlz)
[INFO] [stdout] 1062 | |         .unwrap_or(usize::max_value())
[INFO] [stdout]      | |______________________________________^ expected `usize`, found `u32`
[INFO] [stdout]      |
[INFO] [stdout] help: you can convert a `u32` to a `usize` and panic if the converted value doesn't fit
[INFO] [stdout]      |
[INFO] [stdout] 1060 |     Limb::BITS.checked_mul(x.len())
[INFO] [stdout] 1061 |         .map(|v| v - nlz)
[INFO] [stdout] 1062 |         .unwrap_or(usize::max_value()).try_into().unwrap()
[INFO] [stdout]      |
[INFO] [stdout] 
[INFO] [stdout] 
[INFO] [stdout] error[E0308]: mismatched types
[INFO] [stdout]     --> /opt/rustwide/cargo-home/registry/src/github.com-1ecc6299db9ec823/lexical-core-0.4.2/src/atof/algorithm/math.rs:1087:23
[INFO] [stdout]      |
[INFO] [stdout] 1087 |     debug_assert!(n < bits && n != 0);
[INFO] [stdout]      |                       ^^^^ expected `usize`, found `u32`
[INFO] [stdout]      |
[INFO] [stdout] help: you can convert a `u32` to a `usize` and panic if the converted value doesn't fit
[INFO] [stdout]      |
[INFO] [stdout] 1087 |     debug_assert!(n < bits.try_into().unwrap() && n != 0);
[INFO] [stdout]      |                       ^^^^^^^^^^^^^^^^^^^^^^^^
[INFO] [stdout] 
[INFO] [stdout] 
[INFO] [stdout] error[E0308]: mismatched types
[INFO] [stdout]     --> /opt/rustwide/cargo-home/registry/src/github.com-1ecc6299db9ec823/lexical-core-0.4.2/src/atof/algorithm/math.rs:1094:25
[INFO] [stdout]      |
[INFO] [stdout] 1094 |     let lshift = bits - n;
[INFO] [stdout]      |                         ^ expected `u32`, found `usize`
[INFO] [stdout] 
[INFO] [stdout] 
[INFO] [stdout] error[E0277]: cannot subtract `usize` from `u32`
[INFO] [stdout]     --> /opt/rustwide/cargo-home/registry/src/github.com-1ecc6299db9ec823/lexical-core-0.4.2/src/atof/algorithm/math.rs:1094:23
[INFO] [stdout]      |
[INFO] [stdout] 1094 |     let lshift = bits - n;
[INFO] [stdout]      |                       ^ no implementation for `u32 - usize`
[INFO] [stdout]      |
[INFO] [stdout]      = help: the trait `Sub<usize>` is not implemented for `u32`
[INFO] [stdout] 
[INFO] [stdout] 
[INFO] [stdout] error[E0308]: mismatched types
[INFO] [stdout]     --> /opt/rustwide/cargo-home/registry/src/github.com-1ecc6299db9ec823/lexical-core-0.4.2/src/atof/algorithm/math.rs:1135:19
[INFO] [stdout]      |
[INFO] [stdout] 1135 |     let rem = n % bits;
[INFO] [stdout]      |                   ^^^^ expected `usize`, found `u32`
[INFO] [stdout] 
[INFO] [stdout] 
[INFO] [stdout] error[E0277]: cannot mod `usize` by `u32`
[INFO] [stdout]     --> /opt/rustwide/cargo-home/registry/src/github.com-1ecc6299db9ec823/lexical-core-0.4.2/src/atof/algorithm/math.rs:1135:17
[INFO] [stdout]      |
[INFO] [stdout] 1135 |     let rem = n % bits;
[INFO] [stdout]      |                 ^ no implementation for `usize % u32`
[INFO] [stdout]      |
[INFO] [stdout]      = help: the trait `Rem<u32>` is not implemented for `usize`
[INFO] [stdout] 
[INFO] [stdout] 
[INFO] [stdout] error[E0308]: mismatched types
[INFO] [stdout]     --> /opt/rustwide/cargo-home/registry/src/github.com-1ecc6299db9ec823/lexical-core-0.4.2/src/atof/algorithm/math.rs:1136:19
[INFO] [stdout]      |
[INFO] [stdout] 1136 |     let div = n / bits;
[INFO] [stdout]      |                   ^^^^ expected `usize`, found `u32`
[INFO] [stdout] 
[INFO] [stdout] 
[INFO] [stdout] error[E0277]: cannot divide `usize` by `u32`
[INFO] [stdout]     --> /opt/rustwide/cargo-home/registry/src/github.com-1ecc6299db9ec823/lexical-core-0.4.2/src/atof/algorithm/math.rs:1136:17
[INFO] [stdout]      |
[INFO] [stdout] 1136 |     let div = n / bits;
[INFO] [stdout]      |                 ^ no implementation for `usize / u32`
[INFO] [stdout]      |
[INFO] [stdout]      = help: the trait `Div<u32>` is not implemented for `usize`
[INFO] [stdout] 
[INFO] [stdout] 
[INFO] [stdout] error[E0308]: mismatched types
[INFO] [stdout]     --> /opt/rustwide/cargo-home/registry/src/github.com-1ecc6299db9ec823/lexical-core-0.4.2/src/atof/algorithm/math.rs:1192:23
[INFO] [stdout]      |
[INFO] [stdout] 1192 |     debug_assert!(n < bits);
[INFO] [stdout]      |                       ^^^^ expected `usize`, found `u32`
[INFO] [stdout]      |
[INFO] [stdout] help: you can convert a `u32` to a `usize` and panic if the converted value doesn't fit
[INFO] [stdout]      |
[INFO] [stdout] 1192 |     debug_assert!(n < bits.try_into().unwrap());
[INFO] [stdout]      |                       ^^^^^^^^^^^^^^^^^^^^^^^^
[INFO] [stdout] 
[INFO] [stdout] 
[INFO] [stdout] error[E0308]: mismatched types
[INFO] [stdout]     --> /opt/rustwide/cargo-home/registry/src/github.com-1ecc6299db9ec823/lexical-core-0.4.2/src/atof/algorithm/math.rs:1202:25
[INFO] [stdout]      |
[INFO] [stdout] 1202 |     let rshift = bits - n;
[INFO] [stdout]      |                         ^ expected `u32`, found `usize`
[INFO] [stdout] 
[INFO] [stdout] 
[INFO] [stdout] error[E0277]: cannot subtract `usize` from `u32`
[INFO] [stdout]     --> /opt/rustwide/cargo-home/registry/src/github.com-1ecc6299db9ec823/lexical-core-0.4.2/src/atof/algorithm/math.rs:1202:23
[INFO] [stdout]      |
[INFO] [stdout] 1202 |     let rshift = bits - n;
[INFO] [stdout]      |                       ^ no implementation for `u32 - usize`
[INFO] [stdout]      |
[INFO] [stdout]      = help: the trait `Sub<usize>` is not implemented for `u32`
[INFO] [stdout] 
[INFO] [stdout] 
[INFO] [stdout] error[E0308]: mismatched types
[INFO] [stdout]     --> /opt/rustwide/cargo-home/registry/src/github.com-1ecc6299db9ec823/lexical-core-0.4.2/src/atof/algorithm/math.rs:1254:19
[INFO] [stdout]      |
[INFO] [stdout] 1254 |     let rem = n % bits;
[INFO] [stdout]      |                   ^^^^ expected `usize`, found `u32`
[INFO] [stdout] 
[INFO] [stdout] 
[INFO] [stdout] error[E0277]: cannot mod `usize` by `u32`
[INFO] [stdout]     --> /opt/rustwide/cargo-home/registry/src/github.com-1ecc6299db9ec823/lexical-core-0.4.2/src/atof/algorithm/math.rs:1254:17
[INFO] [stdout]      |
[INFO] [stdout] 1254 |     let rem = n % bits;
[INFO] [stdout]      |                 ^ no implementation for `usize % u32`
[INFO] [stdout]      |
[INFO] [stdout]      = help: the trait `Rem<u32>` is not implemented for `usize`
[INFO] [stdout] 
[INFO] [stdout] 
[INFO] [stdout] error[E0308]: mismatched types
[INFO] [stdout]     --> /opt/rustwide/cargo-home/registry/src/github.com-1ecc6299db9ec823/lexical-core-0.4.2/src/atof/algorithm/math.rs:1255:19
[INFO] [stdout]      |
[INFO] [stdout] 1255 |     let div = n / bits;
[INFO] [stdout]      |                   ^^^^ expected `usize`, found `u32`
[INFO] [stdout] 
[INFO] [stdout] 
[INFO] [stdout] error[E0277]: cannot divide `usize` by `u32`
[INFO] [stdout]     --> /opt/rustwide/cargo-home/registry/src/github.com-1ecc6299db9ec823/lexical-core-0.4.2/src/atof/algorithm/math.rs:1255:17
[INFO] [stdout]      |
[INFO] [stdout] 1255 |     let div = n / bits;
[INFO] [stdout]      |                 ^ no implementation for `usize / u32`
[INFO] [stdout]      |
[INFO] [stdout]      = help: the trait `Div<u32>` is not implemented for `usize`
[INFO] [stdout] 
[INFO] [stdout] 
[INFO] [stdout] error[E0308]: mismatched types
[INFO] [stdout]     --> /opt/rustwide/cargo-home/registry/src/github.com-1ecc6299db9ec823/lexical-core-0.4.2/src/atof/algorithm/math.rs:2066:27
[INFO] [stdout]      |
[INFO] [stdout] 2066 |     let rs = Limb::BITS - s;
[INFO] [stdout]      |                           ^ expected `u32`, found `usize`
[INFO] [stdout] 
[INFO] [stdout] 
[INFO] [stdout] error[E0277]: cannot subtract `usize` from `u32`
[INFO] [stdout]     --> /opt/rustwide/cargo-home/registry/src/github.com-1ecc6299db9ec823/lexical-core-0.4.2/src/atof/algorithm/math.rs:2066:25
[INFO] [stdout]      |
[INFO] [stdout] 2066 |     let rs = Limb::BITS - s;
[INFO] [stdout]      |                         ^ no implementation for `u32 - usize`
[INFO] [stdout]      |
[INFO] [stdout]      = help: the trait `Sub<usize>` is not implemented for `u32`
[INFO] [stdout] 
[INFO] [stdout] 
[INFO] [stdout] error: aborting due to 27 previous errors
[INFO] [stdout] 
[INFO] [stdout] 
[INFO] [stdout] Some errors have detailed explanations: E0277, E0308.
[INFO] [stdout] 
[INFO] [stdout] For more information about an error, try `rustc --explain E0277`.
[INFO] [stdout] 
[INFO] [stderr] error: build failed
[INFO] running `Command { std: "docker" "inspect" "f0f08f2ed6ece105ab8c08179cdf2ddefc210a8510c514d08eb85d7d90e77995", kill_on_drop: false }`
[INFO] running `Command { std: "docker" "rm" "-f" "f0f08f2ed6ece105ab8c08179cdf2ddefc210a8510c514d08eb85d7d90e77995", kill_on_drop: false }`
[INFO] [stdout] f0f08f2ed6ece105ab8c08179cdf2ddefc210a8510c514d08eb85d7d90e77995
